{"id":2352,"date":"2025-04-08T07:05:03","date_gmt":"2025-04-08T05:05:03","guid":{"rendered":"https:\/\/www.clhb.info\/wpr\/?page_id=2352"},"modified":"2025-04-09T06:47:36","modified_gmt":"2025-04-09T04:47:36","slug":"repas-du-club-jambon-a-los-04-05-2025","status":"publish","type":"page","link":"https:\/\/www.clhb.info\/wpr\/repas-du-club-jambon-a-los-04-05-2025\/","title":{"rendered":"Repas du club &#8211; Jambon \u00e0 l&rsquo;os &#8211; 04\/05\/20205"},"content":{"rendered":"\t\t<div data-elementor-type=\"wp-page\" data-elementor-id=\"2352\" class=\"elementor elementor-2352\">\n\t\t\t\t<div class=\"elementor-element elementor-element-10a1750 e-flex e-con-boxed e-con e-parent\" data-id=\"10a1750\" data-element_type=\"container\">\n\t\t\t\t\t<div class=\"e-con-inner\">\n\t\t\t\t<div class=\"elementor-element elementor-element-a89d7ae elementor-widget elementor-widget-text-editor\" data-id=\"a89d7ae\" data-element_type=\"widget\" data-widget_type=\"text-editor.default\">\n\t\t\t\t<div class=\"elementor-widget-container\">\n\t\t\t\t\t\t\t\t\t<p>Bonjour \u00e0 tous,\u00a0<\/p><p>Le <strong>repas du club (Jambon \u00e0 l&rsquo;os)<\/strong> arrive \u00e0 grands pas <img decoding=\"async\" class=\"an1\" draggable=\"false\" src=\"https:\/\/fonts.gstatic.com\/s\/e\/notoemoji\/15.1\/1f973\/32.png\" alt=\"\ud83e\udd73\" width=\"25\" height=\"25\" data-emoji=\"\ud83e\udd73\" aria-label=\"\ud83e\udd73\" \/>, le <strong>dimanche 4 Mai<\/strong> \u00e0 la salle Guilmoto \u00e0 Kerlouan \u00e0 partir de 12H.<\/p><p><span style=\"text-decoration: underline;\">Prix:<\/span> comprenant Jambon \u00e0 l&rsquo;os &#8211; frites \/ Dessert \/ Caf\u00e9<\/p><ul><li>Repas adulte: 13 Euros<\/li><li>Repas enfant: 9 Euros<\/li><li>A emporter (amener son r\u00e9cipient): 11 Euros<\/li><\/ul><p>Voici le lien pour s&rsquo;inscrire au repas : <a href=\"https:\/\/forms.gle\/SHYiTRx5sRb4PT9N9\">https:\/\/forms.gle\/SHYiTRx5sRb4PT9N9<\/a><\/p><p>Possibilit\u00e9 de s&rsquo;inscrire\u00a0 aussi par t\u00e9l\u00e9phone aupr\u00e8s de :\u00a0<\/p><ul><li>Marcel CAVAREC : 06 19 91 05 23<\/li><li>Christiane ABGRALL : 06 82 38 70 71<\/li><\/ul><p>Le repas est ouvert \u00e0 tous, venez nombreux ! <img decoding=\"async\" class=\"an1\" draggable=\"false\" src=\"https:\/\/fonts.gstatic.com\/s\/e\/notoemoji\/15.1\/1f44d\/32.png\" alt=\"\ud83d\udc4d\" width=\"22\" height=\"22\" data-emoji=\"\ud83d\udc4d\" aria-label=\"\ud83d\udc4d\" \/><\/p>\t\t\t\t\t\t\t\t<\/div>\n\t\t\t\t<\/div>\n\t\t\t\t\t<\/div>\n\t\t\t\t<\/div>\n\t\t<div class=\"elementor-element elementor-element-0687407 e-flex e-con-boxed e-con e-parent\" data-id=\"0687407\" data-element_type=\"container\">\n\t\t\t\t\t<div class=\"e-con-inner\">\n\t\t\t\t<div class=\"elementor-element elementor-element-6833b33 elementor-widget elementor-widget-image\" data-id=\"6833b33\" data-element_type=\"widget\" data-widget_type=\"image.default\">\n\t\t\t\t<div class=\"elementor-widget-container\">\n\t\t\t\t\t\t\t\t\t\t\t\t\t\t\t<img fetchpriority=\"high\" decoding=\"async\" width=\"724\" height=\"1024\" src=\"https:\/\/www.clhb.info\/wpr\/wp-content\/uploads\/2025\/04\/20250504_CLHB_Repas_Club_V2-724x1024.jpg\" class=\"attachment-large size-large wp-image-2384\" alt=\"\" srcset=\"https:\/\/www.clhb.info\/wpr\/wp-content\/uploads\/2025\/04\/20250504_CLHB_Repas_Club_V2-724x1024.jpg 724w, https:\/\/www.clhb.info\/wpr\/wp-content\/uploads\/2025\/04\/20250504_CLHB_Repas_Club_V2-212x300.jpg 212w, https:\/\/www.clhb.info\/wpr\/wp-content\/uploads\/2025\/04\/20250504_CLHB_Repas_Club_V2-150x212.jpg 150w, https:\/\/www.clhb.info\/wpr\/wp-content\/uploads\/2025\/04\/20250504_CLHB_Repas_Club_V2-768x1086.jpg 768w, https:\/\/www.clhb.info\/wpr\/wp-content\/uploads\/2025\/04\/20250504_CLHB_Repas_Club_V2-1087x1536.jpg 1087w, https:\/\/www.clhb.info\/wpr\/wp-content\/uploads\/2025\/04\/20250504_CLHB_Repas_Club_V2.jpg 1132w\" sizes=\"(max-width: 724px) 100vw, 724px\" \/>\t\t\t\t\t\t\t\t\t\t\t\t\t\t\t<\/div>\n\t\t\t\t<\/div>\n\t\t\t\t\t<\/div>\n\t\t\t\t<\/div>\n\t\t\t\t<\/div>\n\t\t","protected":false},"excerpt":{"rendered":"<p>Bonjour \u00e0 tous,\u00a0 Le repas du club (Jambon \u00e0 l&rsquo;os) arrive \u00e0 grands pas , le dimanche 4 Mai \u00e0 [&hellip;]<\/p>\n","protected":false},"author":6,"featured_media":0,"parent":0,"menu_order":0,"comment_status":"closed","ping_status":"closed","template":"","meta":{"site-sidebar-layout":"no-sidebar","site-content-layout":"","ast-site-content-layout":"full-width-container","site-content-style":"default","site-sidebar-style":"default","ast-global-header-display":"","ast-banner-title-visibility":"","ast-main-header-display":"","ast-hfb-above-header-display":"","ast-hfb-below-header-display":"","ast-hfb-mobile-header-display":"","site-post-title":"disabled","ast-breadcrumbs-content":"","ast-featured-img":"disabled","footer-sml-layout":"","theme-transparent-header-meta":"","adv-header-id-meta":"","stick-header-meta":"","header-above-stick-meta":"","header-main-stick-meta":"","header-below-stick-meta":"","astra-migrate-meta-layouts":"default","ast-page-background-enabled":"default","ast-page-background-meta":{"desktop":{"background-color":"var(--ast-global-color-4)","background-image":"","background-repeat":"repeat","background-position":"center center","background-size":"auto","background-attachment":"scroll","background-type":"","background-media":"","overlay-type":"","overlay-color":"","overlay-opacity":"","overlay-gradient":""},"tablet":{"background-color":"","background-image":"","background-repeat":"repeat","background-position":"center center","background-size":"auto","background-attachment":"scroll","background-type":"","background-media":"","overlay-type":"","overlay-color":"","overlay-opacity":"","overlay-gradient":""},"mobile":{"background-color":"","background-image":"","background-repeat":"repeat","background-position":"center center","background-size":"auto","background-attachment":"scroll","background-type":"","background-media":"","overlay-type":"","overlay-color":"","overlay-opacity":"","overlay-gradient":""}},"ast-content-background-meta":{"desktop":{"background-color":"var(--ast-global-color-5)","background-image":"","background-repeat":"repeat","background-position":"center center","background-size":"auto","background-attachment":"scroll","background-type":"","background-media":"","overlay-type":"","overlay-color":"","overlay-opacity":"","overlay-gradient":""},"tablet":{"background-color":"var(--ast-global-color-5)","background-image":"","background-repeat":"repeat","background-position":"center center","background-size":"auto","background-attachment":"scroll","background-type":"","background-media":"","overlay-type":"","overlay-color":"","overlay-opacity":"","overlay-gradient":""},"mobile":{"background-color":"var(--ast-global-color-5)","background-image":"","background-repeat":"repeat","background-position":"center center","background-size":"auto","background-attachment":"scroll","background-type":"","background-media":"","overlay-type":"","overlay-color":"","overlay-opacity":"","overlay-gradient":""}},"advanced_seo_description":"","jetpack_seo_html_title":"","jetpack_seo_noindex":false,"footnotes":""},"class_list":["post-2352","page","type-page","status-publish","hentry"],"jetpack_sharing_enabled":true,"_links":{"self":[{"href":"https:\/\/www.clhb.info\/wpr\/wp-json\/wp\/v2\/pages\/2352","targetHints":{"allow":["GET"]}}],"collection":[{"href":"https:\/\/www.clhb.info\/wpr\/wp-json\/wp\/v2\/pages"}],"about":[{"href":"https:\/\/www.clhb.info\/wpr\/wp-json\/wp\/v2\/types\/page"}],"author":[{"embeddable":true,"href":"https:\/\/www.clhb.info\/wpr\/wp-json\/wp\/v2\/users\/6"}],"replies":[{"embeddable":true,"href":"https:\/\/www.clhb.info\/wpr\/wp-json\/wp\/v2\/comments?post=2352"}],"version-history":[{"count":23,"href":"https:\/\/www.clhb.info\/wpr\/wp-json\/wp\/v2\/pages\/2352\/revisions"}],"predecessor-version":[{"id":2390,"href":"https:\/\/www.clhb.info\/wpr\/wp-json\/wp\/v2\/pages\/2352\/revisions\/2390"}],"wp:attachment":[{"href":"https:\/\/www.clhb.info\/wpr\/wp-json\/wp\/v2\/media?parent=2352"}],"curies":[{"name":"wp","href":"https:\/\/api.w.org\/{rel}","templated":true}]}}